ighest common divisor of 6028 and 26884?
44
Calculate the greatest common divisor of 102 and 30457829.
17
What is the highest common divisor of 100 and 11920450?
50
Calculate the highest common factor of 3192 and 39144.
168
Calculate the greatest common divisor of 14193372 and 48.
12
Calculate the highest common factor of 508285 and 422135.
8615
Calculate the greatest common divisor of 5243297 and 133.
19
What is the greatest common divisor of 116 and 234044?
4
Calculate the greatest common factor of 147229032 and 3444.
492
Calculate the highest common factor of 63562600 and 323.
19
Calculate the highest common factor of 6846245 and 1290.
215
What is the greatest common factor of 116 and 33591425?
29
What is the greatest common divisor of 93696 and 5208729?
183
Calculate the greatest common divisor of 87718844 and 2788.
2788
What is the greatest common factor of 149089 and 2211018?
2813
Calculate the greatest common factor of 1076040 and 4312.
392
Calculate the greatest common factor of 54417374 and 748.
374
Calculate the greatest common factor of 13116 and 674592.
12
Calculate the highest common divisor of 387499 and 12364.
281
What is the highest common divisor of 127 and 3142615?
127
What is the greatest common factor of 23902 and 31152704?
646
What is the greatest common factor of 98680 and 107840?
40
Calculate the greatest common factor of 51535 and 826265.
55
What is the highest common factor of 133076892 and 156?
156
Calculate the highest common divisor of 1115664 and 119680.
176
What is the highest common divisor of 59664861 and 2088?
261
What is the highest common factor of 119727 and 4933611?
477
Calculate the highest common divisor of 3560 and 2372.
4
Calculate the greatest common factor of 27993915 and 10505.
955
Calculate the greatest common divisor of 1648 and 11400040.
824
Calculate the greatest common divisor of 469352 and 9816.
8
Calculate the highest common factor of 48319 and 626544.
229
What is the highest common factor of 1121 and 3813353903?
1121
What is the highest common divisor of 50389679 and 1389?
463
What is the highest common divisor of 20892 and 34724245?
1741
Calculate the highest common factor of 22617 and 36225.
63
What is the greatest common divisor of 28274782 and 1124?
562
What is the highest common divisor of 33080355 and 315?
315
What is the greatest common divisor of 923518017 and 1796?
449
What is the highest common divisor of 218306 and 2013?
11
Calculate the greatest common factor of 238 and 69480.
2
Calculate the highest common factor of 473 and 203652773.
43
What is the greatest common divisor of 16928 and 7251532?
2116
Calculate the highest common factor of 5611 and 229147629.
5611
Calculate the greatest common divisor of 399856 and 2800.
16
What is the greatest common factor of 49952968 and 104?
104
What is the highest common divisor of 230 and 422060?
10
What is the highest common divisor of 129667857 and 66?
33
Calculate the highest common divisor of 2088067 and 3141.
349
Calculate the greatest common factor of 1003 and 824704.
17
Calculate the greatest common factor of 2338 and 8324282.
334
What is the greatest common divisor of 831642 and 2478?
42
What is the greatest common factor of 3827376 and 13200?
48
What is the highest common divisor of 223038 and 38574?
18
What is the highest common factor of 47904 and 189?
3
What is the highest common divisor of 195 and 12004005?
195
What is the highest common factor of 32570780 and 19780?
860
Calculate the greatest common factor of 18166182 and 138.
138
What is the greatest common divisor of 846 and 12168018?
846
Calculate the greatest common factor of 9225525 and 150.
75
Calculate the greatest common factor of 12 and 25926114.
6
What is the greatest common factor of 13119984 and 179?
179
What is the highest common factor of 369 and 5305687?
41
Calculate the greatest common factor of 970654 and 650484.
634
What is the highest common divisor of 42067 and 1747816?
1357
What is the highest common factor of 171 and 81466547?
19
What is the highest common divisor of 24066985 and 40?
5
Calculate the highest common factor of 2644941 and 1872.
39
Calculate the highest common divisor of 46 and 1128257870.
46
Calculate the greatest common divisor of 9440 and 39434656.
1888
Calculate the greatest common factor of 7833948 and 62.
62
Calculate the greatest common divisor of 1276611 and 477.
159
Calculate the highest common divisor of 8937 and 454463.
331
Calculate the highest common divisor of 2077 and 72237524.
67
Calculate the greatest common factor of 385515099 and 999.
999
Calculate the greatest common factor of 32 and 26924816.
16
What is the highest common divisor of 1522048 and 23552?
2944
Calculate the highest common divisor of 4088 and 6406918.
1022
What is the highest common factor of 26499 and 2953434?
2409
Calculate the highest common divisor of 64 and 151131328.
64
Calculate the highest common divisor of 2555 and 4976045.
365
Calculate the highest common divisor of 36 and 9219116.
4
What is the greatest common factor of 2 and 1206354?
2
Calculate the highest common divisor of 5964 and 34165768.
1988
What is the greatest common factor of 4005 and 229320?
45
What is the highest common divisor of 2865 and 121083?
3
Calculate the highest common factor of 24341 and 11853826.
241
Calculate the greatest common factor of 654934397 and 59.
59
Calculate the greatest common divisor of 1050 and 783780.
30
Calculate the greatest common divisor of 34725 and 336.
3
Calculate the greatest common divisor of 6004 and 1473508.
316
What is the greatest common divisor of 1014 and 198215706?
1014
What is the greatest common factor of 115531 and 31954?
13
Calculate the greatest common factor of 6288 and 39792.
48
What is the greatest common factor of 21909 and 1981257?
201
What is the greatest common factor of 2065370 and 2476730?
8570
Calculate the greatest common divisor of 3620 and 2485492.
724
What is the greatest common divisor of 42328 and 1044472?
1144
Calculate the highest common divisor of 4050082 and 116.
58
Calculate the greatest common divisor of 7224 and 9233336.
56
Calculate the highest common factor of 2912 and 80984960.
224
Calculate the greatest common factor of 31908 and 104772.
12
Calculate the greatest common divisor of 7655 and 577.
1
What is the greatest common divisor of 5084334 and 414?
414
Calculate the highest common divisor of 31257375 and 491625.
7125
What is the highest common factor of 30612812 and 2313?
257
What is the highest common divisor of 711 and 4227843?
237
What is the greatest common factor of 36639 and 31864779?
1593
Calculate the highest common factor of 942786 and 2210.
442
What is the greatest common factor of 132080039 and 1001?
91
What is the highest common divisor of 2419640 and 13255?
1205
What is the highest common factor of 1228172 and 254616?
412
Calculate the greatest common factor of 176161744 and 352.
176
What is the highest common factor of 137945 and 125?
5
Calculate the highest common factor of 710751 and 5.
1
What is the greatest common factor of 433852 and 9252?
4
Calculate the highest common factor of 538240 and 1792171.
841
What is the highest common divisor of 127350 and 81710?
10
Calculate the greatest common factor of 89635 and 1027355.
6895
What is the highest common factor of 1398 and 15634533?
699
What is the highest common factor of 1163142 and 304?
38
What is the greatest common factor of 276 and 61813788?
276
What is the greatest common divisor of 236 and 6596?
4
Calculate the greatest common factor of 7 and 2977123.
1
What is the highest common factor of 140603139 and 131483?
11953
Calculate the highest common divisor of 327 and 25832019.
327
What is the highest common divisor of 14170 and 704210?
130
Calculate the highest common factor of 910 and 3523555.
35
Calculate the greatest common divisor of 226308 and 195.
3
Calculate the highest common factor of 62873526 and 1446.
1446
Calculate the highest common factor of 449208 and 261936.
1224
What is the greatest common divisor of 31937229 and 9?
9
Calculate the greatest common divisor of 11746548 and 88.
44
What is the greatest common factor of 5593 and 1272008?
799
Calculate the greatest common divisor of 40350 and 699669.
807
What is the greatest c